{"id":5749,"date":"2025-07-21T21:16:09","date_gmt":"2025-07-21T19:16:09","guid":{"rendered":"http:\/\/amsit.pro\/?page_id=5749"},"modified":"2025-12-10T18:25:20","modified_gmt":"2025-12-10T16:25:20","slug":"google-workspace","status":"publish","type":"page","link":"https:\/\/amsit.pro\/index.php\/google-workspace\/","title":{"rendered":"Google workspace"},"content":{"rendered":"\t\t<div data-elementor-type=\"wp-page\" data-elementor-id=\"5749\" class=\"elementor elementor-5749\">\n\t\t\t\t<div class=\"elementor-element elementor-element-bfca484 e-flex e-con-boxed e-con e-parent\" data-id=\"bfca484\" data-element_type=\"container\">\n\t\t\t\t\t<div class=\"e-con-inner\">\n\t\t<div class=\"elementor-element elementor-element-059d2c5 e-con-full e-flex elementor-invisible e-con e-child\" data-id=\"059d2c5\" data-element_type=\"container\" data-settings=\"{&quot;animation&quot;:&quot;fadeInLeft&quot;}\">\n\t\t\t\t<div class=\"elementor-element elementor-element-5e5b69c elementor-widget elementor-widget-image\" data-id=\"5e5b69c\" data-element_type=\"widget\" data-widget_type=\"image.default\">\n\t\t\t\t\t\t\t\t\t\t\t\t\t\t\t<img fetchpriority=\"high\" decoding=\"async\" width=\"520\" height=\"530\" src=\"https:\/\/amsit.pro\/wp-content\/uploads\/2025\/12\/about-img-one-1.webp\" class=\"attachment-full size-full wp-image-6437\" alt=\"\" srcset=\"https:\/\/amsit.pro\/wp-content\/uploads\/2025\/12\/about-img-one-1.webp 520w, https:\/\/amsit.pro\/wp-content\/uploads\/2025\/12\/about-img-one-1-294x300.webp 294w\" sizes=\"(max-width: 520px) 100vw, 520px\" \/>\t\t\t\t\t\t\t\t\t\t\t\t\t\t\t<\/div>\n\t\t\t\t<div class=\"elementor-element elementor-element-b057b3d elementor-widget elementor-widget-progress\" data-id=\"b057b3d\" data-element_type=\"widget\" data-widget_type=\"progress.default\">\n\t\t\t\t\t\t\t\t<span class=\"elementor-title\" id=\"elementor-progress-bar-b057b3d\">\n\t\t\t\tWorkspace\t\t\t<\/span>\n\t\t\n\t\t<div aria-labelledby=\"elementor-progress-bar-b057b3d\" class=\"elementor-progress-wrapper\" role=\"progressbar\" aria-valuemin=\"0\" aria-valuemax=\"100\" aria-valuenow=\"96\" aria-valuetext=\"96% (Concepteur web)\">\n\t\t\t<div class=\"elementor-progress-bar\" data-max=\"96\">\n\t\t\t\t<span class=\"elementor-progress-text\">Concepteur web<\/span>\n\t\t\t\t\t\t\t\t\t<span class=\"elementor-progress-percentage\">96%<\/span>\n\t\t\t\t\t\t\t<\/div>\n\t\t<\/div>\n\t\t\t\t\t\t<\/div>\n\t\t\t\t<\/div>\n\t\t<div class=\"elementor-element elementor-element-440b930 e-con-full e-flex elementor-invisible e-con e-child\" data-id=\"440b930\" data-element_type=\"container\" data-settings=\"{&quot;animation&quot;:&quot;fadeInRight&quot;}\">\n\t\t\t\t<div class=\"elementor-element elementor-element-de22aa0 elementor-widget elementor-widget-convis-section-title\" data-id=\"de22aa0\" data-element_type=\"widget\" data-widget_type=\"convis-section-title.default\">\n\t\t\t\t<div class=\"elementor-widget-container\">\n\t\t\t\t\t\t\t<div class=\"convis-section-title\">\r\n\t\t\t\t\t\t<div class=\"subtitle\">\r\n\t\t\t\t\t\t\t\t<span class=\"line\"><\/span>\r\n\t\t\t\t\t\t\t\t<span class=\"subtitle-text\">\r\n\t\t\t\t\tAMS IT Pro\t\t\t\t<\/span>\r\n\t\t\t<\/div>\r\n\t\t\t\t\t\t\t\t\t<h3 class=\"title\">\r\n\t\t\t\t\t\t\t\t<span class=\"main-text\">\r\n\t\t\t\t\tWorkspace\t\t\t\t<\/span>\r\n\t\t\t\t\t\t\t<\/h3>\r\n\t\t\t\t\t<\/div>\r\n\t\t\t\t\t\t<\/div>\n\t\t\t\t<\/div>\n\t\t\t\t<div class=\"elementor-element elementor-element-3e94a74 elementor-widget elementor-widget-text-editor\" data-id=\"3e94a74\" data-element_type=\"widget\" data-widget_type=\"text-editor.default\">\n\t\t\t\t\t\t\t\t\t<p><strong>Votre espace de collaboration et de productivit\u00e9<\/strong><\/p><p>Bienvenue dans l\u2019AMS IT Workspace, l\u2019espace d\u00e9di\u00e9 \u00e0 la gestion, la collaboration et le suivi de vos projets.<br \/>Ici, vous pouvez organiser vos t\u00e2ches, partager des fichiers, communiquer avec votre \u00e9quipe et suivre la progression de vos objectifs, le tout dans un environnement s\u00e9curis\u00e9 et intuitif.<\/p>\t\t\t\t\t\t\t\t<\/div>\n\t\t<div class=\"elementor-element elementor-element-d2314e6 e-con-full e-flex e-con e-child\" data-id=\"d2314e6\" data-element_type=\"container\">\n\t\t\t\t<div class=\"elementor-element elementor-element-e68e841 elementor-widget elementor-widget-convis-iconic-box\" data-id=\"e68e841\" data-element_type=\"widget\" data-widget_type=\"convis-iconic-box.default\">\n\t\t\t\t<div class=\"elementor-widget-container\">\n\t\t\t\t\t\t\t<div class=\"convis-iconic-box\">\r\n\t\t\t\t\t\t<div class=\"icon\">\r\n\t\t\t\t<i class=\"flaticon flaticon-innovation-1\"><\/i>\t\t\t<\/div>\r\n\t\t\t\t\t\t<h6 class=\"title\">Conseil moderne <br>\navanc\u00e9<\/h6>\t\t<\/div>\r\n\t\t\t\t\t\t<\/div>\n\t\t\t\t<\/div>\n\t\t\t\t<div class=\"elementor-element elementor-element-89c76d7 elementor-widget elementor-widget-convis-iconic-box\" data-id=\"89c76d7\" data-element_type=\"widget\" data-widget_type=\"convis-iconic-box.default\">\n\t\t\t\t<div class=\"elementor-widget-container\">\n\t\t\t\t\t\t\t<div class=\"convis-iconic-box\">\r\n\t\t\t\t\t\t<div class=\"icon\">\r\n\t\t\t\t<i class=\"flaticon flaticon-support\"><\/i>\t\t\t<\/div>\r\n\t\t\t\t\t\t<h6 class=\"title\">Membres de<br>\nl'\u00e9quipe d\u00e9vou\u00e9s<\/h6>\t\t<\/div>\r\n\t\t\t\t\t\t<\/div>\n\t\t\t\t<\/div>\n\t\t\t\t<div class=\"elementor-element elementor-element-d2072f7 elementor-widget elementor-widget-convis-iconic-box\" data-id=\"d2072f7\" data-element_type=\"widget\" data-widget_type=\"convis-iconic-box.default\">\n\t\t\t\t<div class=\"elementor-widget-container\">\n\t\t\t\t\t\t\t<div class=\"convis-iconic-box\">\r\n\t\t\t\t\t\t<div class=\"icon\">\r\n\t\t\t\t<i class=\"flaticon flaticon-review\"><\/i>\t\t\t<\/div>\r\n\t\t\t\t\t\t<h6 class=\"title\">Conseils avanc\u00e9s<br>\nen informatique<\/h6>\t\t<\/div>\r\n\t\t\t\t\t\t<\/div>\n\t\t\t\t<\/div>\n\t\t\t\t<\/div>\n\t\t\t\t<\/div>\n\t\t\t\t\t<\/div>\n\t\t\t\t<\/div>\n\t\t<div class=\"elementor-element elementor-element-fca7fdc e-flex e-con-boxed e-con e-parent\" data-id=\"fca7fdc\" data-element_type=\"container\">\n\t\t\t\t\t<div class=\"e-con-inner\">\n\t\t<div class=\"elementor-element elementor-element-84c6d24 e-con-full e-flex elementor-invisible e-con e-child\" data-id=\"84c6d24\" data-element_type=\"container\" data-settings=\"{&quot;animation&quot;:&quot;fadeInLeft&quot;}\">\n\t\t\t\t<div class=\"elementor-element elementor-element-cbdfeb6 elementor-widget elementor-widget-convis-section-title\" data-id=\"cbdfeb6\" data-element_type=\"widget\" data-widget_type=\"convis-section-title.default\">\n\t\t\t\t<div class=\"elementor-widget-container\">\n\t\t\t\t\t\t\t<div class=\"convis-section-title\">\r\n\t\t\t\t\t\t<div class=\"subtitle\">\r\n\t\t\t\t\t\t\t\t<span class=\"line\"><\/span>\r\n\t\t\t\t\t\t\t\t<span class=\"subtitle-text\">\r\n\t\t\t\t\tFAQs\t\t\t\t<\/span>\r\n\t\t\t<\/div>\r\n\t\t\t\t\t\t\t\t\t<h3 class=\"title\">\r\n\t\t\t\t\t\t\t\t<span class=\"main-text\">\r\n\t\t\t\t\tMise en avant des <br>\t\t\t\t<\/span>\r\n\t\t\t\t\t\t\t\t<span class=\"split-text\">\r\n\t\t\t\t\tfonctionnalit\u00e9s \t\t\t\t<\/span>\r\n\t\t\t\t\t\t\t<\/h3>\r\n\t\t\t\t\t<\/div>\r\n\t\t\t\t\t\t<\/div>\n\t\t\t\t<\/div>\n\t\t<div class=\"elementor-element elementor-element-f841616 e-con-full e-flex e-con e-child\" data-id=\"f841616\" data-element_type=\"container\" data-settings=\"{&quot;background_background&quot;:&quot;classic&quot;}\">\n\t\t\t\t<div class=\"elementor-element elementor-element-8e271aa elementor-widget elementor-widget-heading\" data-id=\"8e271aa\" data-element_type=\"widget\" data-widget_type=\"heading.default\">\n\t\t\t\t\t<h4 class=\"elementor-heading-title elementor-size-default\">Have Any Questions\nOn Your Minds !<\/h4>\t\t\t\t<\/div>\n\t\t\t\t<div class=\"elementor-element elementor-element-ea1b893 elementor-widget elementor-widget-convis-button\" data-id=\"ea1b893\" data-element_type=\"widget\" data-widget_type=\"convis-button.default\">\n\t\t\t\t<div class=\"elementor-widget-container\">\n\t\t\t\t\t\t\t<div class=\"convis-button-wrapper\">\r\n\t\t\t<a class=\"convis-button icon-right hover-left-right\" href=\"https:\/\/webtend.site\/wp\/convis\/contact\/\">\r\n\t\t\t\t<span class=\"button-text\">\r\n\t\t\t\t\tContact Us        \t\t<\/span>\r\n\t\t\t\t\t\t\t\t<span class=\"button-icon\">\r\n\t\t\t\t\t<i class=\"fas fa-arrow-right\"><\/i>\t\t\t\t<\/span>\r\n\t\t\t\t\t\t\t<\/a>\r\n\t\t<\/div>\r\n\t\t\t\t\t\t<\/div>\n\t\t\t\t<\/div>\n\t\t\t\t<\/div>\n\t\t\t\t<\/div>\n\t\t<div class=\"elementor-element elementor-element-b022e9a e-con-full e-flex elementor-invisible e-con e-child\" data-id=\"b022e9a\" data-element_type=\"container\" data-settings=\"{&quot;animation&quot;:&quot;fadeInRight&quot;}\">\n\t\t\t\t<div class=\"elementor-element elementor-element-e3e7f97 elementor-widget elementor-widget-convis-accordion\" data-id=\"e3e7f97\" data-element_type=\"widget\" data-widget_type=\"convis-accordion.default\">\n\t\t\t\t<div class=\"elementor-widget-container\">\n\t\t\t\t\t        <div id=\"accordion-705662\" class=\"convis-accordion\">\r\n                            <div class=\"accordion-item active-accordion\">\r\n                    <div class=\"accordion-header active-header\" data-target=\"#accordion-content-7056620\">\r\n                        <span class=\"text\">\r\n                            Tableau de bord interactif                         <\/span>\r\n                        <span class=\"icons\">\r\n                            <span class=\"icon-open\">\r\n                                <i class=\"fas fa-plus\"><\/i>                            <\/span>\r\n                            <span class=\"icon-close\">\r\n                                <i class=\"fas fa-minus\"><\/i>                            <\/span>\r\n                        <\/span>\r\n                    <\/div>\r\n                    <div class=\"accordion-content active-content\" id=\"accordion-content-7056620\" style=\"display:block;\">\r\n                        <div class=\"content-inner\">\r\n                            <p>Visualisez vos projets en un coup d\u2019\u0153il.<\/p>\n                        <\/div>\r\n                    <\/div>\r\n                <\/div>\r\n                                <div class=\"accordion-item\">\r\n                    <div class=\"accordion-header\" data-target=\"#accordion-content-7056621\">\r\n                        <span class=\"text\">\r\n                            Gestion des t\u00e2ches                         <\/span>\r\n                        <span class=\"icons\">\r\n                            <span class=\"icon-open\">\r\n                                <i class=\"fas fa-plus\"><\/i>                            <\/span>\r\n                            <span class=\"icon-close\">\r\n                                <i class=\"fas fa-minus\"><\/i>                            <\/span>\r\n                        <\/span>\r\n                    <\/div>\r\n                    <div class=\"accordion-content\" id=\"accordion-content-7056621\" style=\"display:none;\">\r\n                        <div class=\"content-inner\">\r\n                            <p>Cr\u00e9ez, assignez et suivez les missions en temps r\u00e9el.<\/p>\n                        <\/div>\r\n                    <\/div>\r\n                <\/div>\r\n                                <div class=\"accordion-item\">\r\n                    <div class=\"accordion-header\" data-target=\"#accordion-content-7056622\">\r\n                        <span class=\"text\">\r\n                            Partage s\u00e9curis\u00e9                         <\/span>\r\n                        <span class=\"icons\">\r\n                            <span class=\"icon-open\">\r\n                                <i class=\"fas fa-plus\"><\/i>                            <\/span>\r\n                            <span class=\"icon-close\">\r\n                                <i class=\"fas fa-minus\"><\/i>                            <\/span>\r\n                        <\/span>\r\n                    <\/div>\r\n                    <div class=\"accordion-content\" id=\"accordion-content-7056622\" style=\"display:none;\">\r\n                        <div class=\"content-inner\">\r\n                            <p>\u00c9changez des fichiers et documents en toute confiance.<\/p>\n                        <\/div>\r\n                    <\/div>\r\n                <\/div>\r\n                                <div class=\"accordion-item\">\r\n                    <div class=\"accordion-header\" data-target=\"#accordion-content-7056623\">\r\n                        <span class=\"text\">\r\n                            Chat &amp; visioconf\u00e9rence int\u00e9gr\u00e9s                         <\/span>\r\n                        <span class=\"icons\">\r\n                            <span class=\"icon-open\">\r\n                                <i class=\"fas fa-plus\"><\/i>                            <\/span>\r\n                            <span class=\"icon-close\">\r\n                                <i class=\"fas fa-minus\"><\/i>                            <\/span>\r\n                        <\/span>\r\n                    <\/div>\r\n                    <div class=\"accordion-content\" id=\"accordion-content-7056623\" style=\"display:none;\">\r\n                        <div class=\"content-inner\">\r\n                            <p>Communiquez efficacement avec votre \u00e9quipe.<\/p>\n                        <\/div>\r\n                    <\/div>\r\n                <\/div>\r\n                        <\/div>\r\n        \t\t\t\t<\/div>\n\t\t\t\t<\/div>\n\t\t\t\t<\/div>\n\t\t\t\t\t<\/div>\n\t\t\t\t<\/div>\n\t\t<div class=\"elementor-element elementor-element-ca52a23 e-flex e-con-boxed e-con e-parent\" data-id=\"ca52a23\" data-element_type=\"container\">\n\t\t\t\t\t<div class=\"e-con-inner\">\n\t\t\t\t\t<\/div>\n\t\t\t\t<\/div>\n\t\t<div class=\"elementor-element elementor-element-5e8579c e-flex e-con-boxed e-con e-parent\" data-id=\"5e8579c\" data-element_type=\"container\" data-settings=\"{&quot;background_background&quot;:&quot;classic&quot;}\">\n\t\t\t\t\t<div class=\"e-con-inner\">\n\t\t<div class=\"elementor-element elementor-element-87d71d5 e-con-full e-flex elementor-invisible e-con e-child\" data-id=\"87d71d5\" data-element_type=\"container\" data-settings=\"{&quot;animation&quot;:&quot;fadeInLeft&quot;}\">\n\t\t\t\t<div class=\"elementor-element elementor-element-fc879a4 elementor-widget elementor-widget-convis-section-title\" data-id=\"fc879a4\" data-element_type=\"widget\" data-widget_type=\"convis-section-title.default\">\n\t\t\t\t<div class=\"elementor-widget-container\">\n\t\t\t\t\t\t\t<div class=\"convis-section-title\">\r\n\t\t\t\t\t\t<div class=\"subtitle\">\r\n\t\t\t\t\t\t\t\t<span class=\"line\"><\/span>\r\n\t\t\t\t\t\t\t\t<span class=\"subtitle-text\">\r\n\t\t\t\t\tObtenir des consultations\t\t\t\t<\/span>\r\n\t\t\t<\/div>\r\n\t\t\t\t\t\t\t\t\t<h3 class=\"title\">\r\n\t\t\t\t\t\t\t\t<span class=\"main-text\">\r\n\t\t\t\t\tBesoin de consultations pour\t\t\t\t<\/span>\r\n\t\t\t\t\t\t\t\t<span class=\"split-text\">\r\n\t\t\t\t\tConseil informatique\t\t\t\t<\/span>\r\n\t\t\t\t\t\t\t<\/h3>\r\n\t\t\t\t\t<\/div>\r\n\t\t\t\t\t\t<\/div>\n\t\t\t\t<\/div>\n\t\t\t\t<div class=\"elementor-element elementor-element-6562cc3 elementor-widget elementor-widget-convis-button\" data-id=\"6562cc3\" data-element_type=\"widget\" data-widget_type=\"convis-button.default\">\n\t\t\t\t<div class=\"elementor-widget-container\">\n\t\t\t\t\t\t\t<div class=\"convis-button-wrapper\">\r\n\t\t\t<a class=\"convis-button icon-right hover-left-right\" href=\"https:\/\/amsit.pro\/index.php\/contact\/\">\r\n\t\t\t\t<span class=\"button-text\">\r\n\t\t\t\t\tContactez nous        \t\t<\/span>\r\n\t\t\t\t\t\t\t\t<span class=\"button-icon\">\r\n\t\t\t\t\t<i class=\"fas fa-arrow-right\"><\/i>\t\t\t\t<\/span>\r\n\t\t\t\t\t\t\t<\/a>\r\n\t\t<\/div>\r\n\t\t\t\t\t\t<\/div>\n\t\t\t\t<\/div>\n\t\t\t\t<\/div>\n\t\t<div class=\"elementor-element elementor-element-e33040f e-con-full e-flex elementor-invisible e-con e-child\" data-id=\"e33040f\" data-element_type=\"container\" data-settings=\"{&quot;animation&quot;:&quot;fadeInRight&quot;}\">\n\t\t\t\t<div class=\"elementor-element elementor-element-05265d0 elementor-widget elementor-widget-image\" data-id=\"05265d0\" data-element_type=\"widget\" data-widget_type=\"image.default\">\n\t\t\t\t\t\t\t\t\t\t\t\t\t\t\t<img decoding=\"async\" width=\"418\" height=\"411\" src=\"https:\/\/amsit.pro\/wp-content\/uploads\/2025\/08\/cta-video.png\" class=\"attachment-full size-full wp-image-6029\" alt=\"\" srcset=\"https:\/\/amsit.pro\/wp-content\/uploads\/2025\/08\/cta-video.png 418w, https:\/\/amsit.pro\/wp-content\/uploads\/2025\/08\/cta-video-300x295.png 300w\" sizes=\"(max-width: 418px) 100vw, 418px\" \/>\t\t\t\t\t\t\t\t\t\t\t\t\t\t\t<\/div>\n\t\t\t\t<div class=\"elementor-element elementor-element-36d713a elementor-absolute elementor-widget elementor-widget-convis-video-popup\" data-id=\"36d713a\" data-element_type=\"widget\" data-settings=\"{&quot;_position&quot;:&quot;absolute&quot;}\" data-widget_type=\"convis-video-popup.default\">\n\t\t\t\t<div class=\"elementor-widget-container\">\n\t\t\t\t\t        <div class=\"convis-video-popup\">\r\n                            \t\t\t\t<a href=\"https:\/\/www.youtube.com\/watch?v=XHOmBV4js_E\" class=\"popup-video animated-border\"><i class=\"fas fa-play\"><\/i><\/a>\r\n                                    <\/div>\r\n        \t\t\t\t<\/div>\n\t\t\t\t<\/div>\n\t\t\t\t<\/div>\n\t\t\t\t\t<\/div>\n\t\t\t\t<\/div>\n\t\t\t\t<\/div>\n\t\t","protected":false},"excerpt":{"rendered":"<p>Workspace Concepteur web 96% AMS IT Pro Workspace Votre espace de collaboration et de productivit\u00e9 Bienvenue dans l\u2019AMS IT Workspace, l\u2019espace d\u00e9di\u00e9 \u00e0 la gestion, la collaboration et le suivi de vos projets.Ici, vous pouvez organiser vos t\u00e2ches, partager des fichiers, communiquer avec votre \u00e9quipe et suivre la progression de vos objectifs, le tout dans [&hellip;]<\/p>\n","protected":false},"author":1,"featured_media":0,"parent":0,"menu_order":4,"comment_status":"closed","ping_status":"closed","template":"","meta":{"footnotes":""},"class_list":["post-5749","page","type-page","status-publish","hentry"],"yoast_head":"<!-- This site is optimized with the Yoast SEO plugin v25.5 - https:\/\/yoast.com\/wordpress\/plugins\/seo\/ -->\n<title>AMS IT-Collaboration et productivit\u00e9 pour votre entreprise.<\/title>\n<meta name=\"description\" content=\"Boostez la productivit\u00e9 de votre entreprise avec Google workspace. AMS IT , partenaire en Tunisie , vous accompagne dans l&#039;installation , la configuration et la gestion des outils collaboratifs Google pour un travail plus efficace et s\u00e9curis\u00e9.\" \/>\n<meta name=\"robots\" content=\"noindex, follow, max-snippet:-1, max-image-preview:large, max-video-preview:-1\" \/>\n<meta property=\"og:locale\" content=\"fr_FR\" \/>\n<meta property=\"og:type\" content=\"article\" \/>\n<meta property=\"og:title\" content=\"AMS IT-Collaboration et productivit\u00e9 pour votre entreprise.\" \/>\n<meta property=\"og:description\" content=\"Boostez la productivit\u00e9 de votre entreprise avec Google workspace. AMS IT , partenaire en Tunisie , vous accompagne dans l&#039;installation , la configuration et la gestion des outils collaboratifs Google pour un travail plus efficace et s\u00e9curis\u00e9.\" \/>\n<meta property=\"og:url\" content=\"https:\/\/amsit.pro\/index.php\/google-workspace\/\" \/>\n<meta property=\"og:site_name\" content=\"AMS IT\" \/>\n<meta property=\"article:modified_time\" content=\"2025-12-10T16:25:20+00:00\" \/>\n<meta property=\"og:image\" content=\"https:\/\/amsit.pro\/wp-content\/uploads\/2025\/12\/about-img-one-1.webp\" \/>\n\t<meta property=\"og:image:width\" content=\"520\" \/>\n\t<meta property=\"og:image:height\" content=\"530\" \/>\n\t<meta property=\"og:image:type\" content=\"image\/webp\" \/>\n<meta name=\"twitter:card\" content=\"summary_large_image\" \/>\n<meta name=\"twitter:label1\" content=\"Dur\u00e9e de lecture estim\u00e9e\" \/>\n\t<meta name=\"twitter:data1\" content=\"1 minute\" \/>\n<script type=\"application\/ld+json\" class=\"yoast-schema-graph\">{\"@context\":\"https:\/\/schema.org\",\"@graph\":[{\"@type\":\"WebPage\",\"@id\":\"https:\/\/amsit.pro\/index.php\/google-workspace\/\",\"url\":\"https:\/\/amsit.pro\/index.php\/google-workspace\/\",\"name\":\"AMS IT-Collaboration et productivit\u00e9 pour votre entreprise.\",\"isPartOf\":{\"@id\":\"https:\/\/amsit.pro\/#website\"},\"primaryImageOfPage\":{\"@id\":\"https:\/\/amsit.pro\/index.php\/google-workspace\/#primaryimage\"},\"image\":{\"@id\":\"https:\/\/amsit.pro\/index.php\/google-workspace\/#primaryimage\"},\"thumbnailUrl\":\"http:\/\/amsit.pro\/wp-content\/uploads\/2025\/12\/about-img-one-1.webp\",\"datePublished\":\"2025-07-21T19:16:09+00:00\",\"dateModified\":\"2025-12-10T16:25:20+00:00\",\"description\":\"Boostez la productivit\u00e9 de votre entreprise avec Google workspace. AMS IT , partenaire en Tunisie , vous accompagne dans l'installation , la configuration et la gestion des outils collaboratifs Google pour un travail plus efficace et s\u00e9curis\u00e9.\",\"breadcrumb\":{\"@id\":\"https:\/\/amsit.pro\/index.php\/google-workspace\/#breadcrumb\"},\"inLanguage\":\"fr-FR\",\"potentialAction\":[{\"@type\":\"ReadAction\",\"target\":[\"https:\/\/amsit.pro\/index.php\/google-workspace\/\"]}]},{\"@type\":\"ImageObject\",\"inLanguage\":\"fr-FR\",\"@id\":\"https:\/\/amsit.pro\/index.php\/google-workspace\/#primaryimage\",\"url\":\"https:\/\/amsit.pro\/wp-content\/uploads\/2025\/12\/about-img-one-1.webp\",\"contentUrl\":\"https:\/\/amsit.pro\/wp-content\/uploads\/2025\/12\/about-img-one-1.webp\",\"width\":520,\"height\":530},{\"@type\":\"BreadcrumbList\",\"@id\":\"https:\/\/amsit.pro\/index.php\/google-workspace\/#breadcrumb\",\"itemListElement\":[{\"@type\":\"ListItem\",\"position\":1,\"name\":\"Accueil\",\"item\":\"https:\/\/amsit.pro\/\"},{\"@type\":\"ListItem\",\"position\":2,\"name\":\"Google workspace\"}]},{\"@type\":\"WebSite\",\"@id\":\"https:\/\/amsit.pro\/#website\",\"url\":\"https:\/\/amsit.pro\/\",\"name\":\"AMS IT\",\"description\":\"\",\"potentialAction\":[{\"@type\":\"SearchAction\",\"target\":{\"@type\":\"EntryPoint\",\"urlTemplate\":\"https:\/\/amsit.pro\/?s={search_term_string}\"},\"query-input\":{\"@type\":\"PropertyValueSpecification\",\"valueRequired\":true,\"valueName\":\"search_term_string\"}}],\"inLanguage\":\"fr-FR\"}]}<\/script>\n<!-- \/ Yoast SEO plugin. -->","yoast_head_json":{"title":"AMS IT-Collaboration et productivit\u00e9 pour votre entreprise.","description":"Boostez la productivit\u00e9 de votre entreprise avec Google workspace. AMS IT , partenaire en Tunisie , vous accompagne dans l'installation , la configuration et la gestion des outils collaboratifs Google pour un travail plus efficace et s\u00e9curis\u00e9.","robots":{"index":"noindex","follow":"follow","max-snippet":"max-snippet:-1","max-image-preview":"max-image-preview:large","max-video-preview":"max-video-preview:-1"},"og_locale":"fr_FR","og_type":"article","og_title":"AMS IT-Collaboration et productivit\u00e9 pour votre entreprise.","og_description":"Boostez la productivit\u00e9 de votre entreprise avec Google workspace. AMS IT , partenaire en Tunisie , vous accompagne dans l'installation , la configuration et la gestion des outils collaboratifs Google pour un travail plus efficace et s\u00e9curis\u00e9.","og_url":"https:\/\/amsit.pro\/index.php\/google-workspace\/","og_site_name":"AMS IT","article_modified_time":"2025-12-10T16:25:20+00:00","og_image":[{"width":520,"height":530,"url":"https:\/\/amsit.pro\/wp-content\/uploads\/2025\/12\/about-img-one-1.webp","type":"image\/webp"}],"twitter_card":"summary_large_image","twitter_misc":{"Dur\u00e9e de lecture estim\u00e9e":"1 minute"},"schema":{"@context":"https:\/\/schema.org","@graph":[{"@type":"WebPage","@id":"https:\/\/amsit.pro\/index.php\/google-workspace\/","url":"https:\/\/amsit.pro\/index.php\/google-workspace\/","name":"AMS IT-Collaboration et productivit\u00e9 pour votre entreprise.","isPartOf":{"@id":"https:\/\/amsit.pro\/#website"},"primaryImageOfPage":{"@id":"https:\/\/amsit.pro\/index.php\/google-workspace\/#primaryimage"},"image":{"@id":"https:\/\/amsit.pro\/index.php\/google-workspace\/#primaryimage"},"thumbnailUrl":"http:\/\/amsit.pro\/wp-content\/uploads\/2025\/12\/about-img-one-1.webp","datePublished":"2025-07-21T19:16:09+00:00","dateModified":"2025-12-10T16:25:20+00:00","description":"Boostez la productivit\u00e9 de votre entreprise avec Google workspace. AMS IT , partenaire en Tunisie , vous accompagne dans l'installation , la configuration et la gestion des outils collaboratifs Google pour un travail plus efficace et s\u00e9curis\u00e9.","breadcrumb":{"@id":"https:\/\/amsit.pro\/index.php\/google-workspace\/#breadcrumb"},"inLanguage":"fr-FR","potentialAction":[{"@type":"ReadAction","target":["https:\/\/amsit.pro\/index.php\/google-workspace\/"]}]},{"@type":"ImageObject","inLanguage":"fr-FR","@id":"https:\/\/amsit.pro\/index.php\/google-workspace\/#primaryimage","url":"https:\/\/amsit.pro\/wp-content\/uploads\/2025\/12\/about-img-one-1.webp","contentUrl":"https:\/\/amsit.pro\/wp-content\/uploads\/2025\/12\/about-img-one-1.webp","width":520,"height":530},{"@type":"BreadcrumbList","@id":"https:\/\/amsit.pro\/index.php\/google-workspace\/#breadcrumb","itemListElement":[{"@type":"ListItem","position":1,"name":"Accueil","item":"https:\/\/amsit.pro\/"},{"@type":"ListItem","position":2,"name":"Google workspace"}]},{"@type":"WebSite","@id":"https:\/\/amsit.pro\/#website","url":"https:\/\/amsit.pro\/","name":"AMS IT","description":"","potentialAction":[{"@type":"SearchAction","target":{"@type":"EntryPoint","urlTemplate":"https:\/\/amsit.pro\/?s={search_term_string}"},"query-input":{"@type":"PropertyValueSpecification","valueRequired":true,"valueName":"search_term_string"}}],"inLanguage":"fr-FR"}]}},"_links":{"self":[{"href":"https:\/\/amsit.pro\/index.php\/wp-json\/wp\/v2\/pages\/5749","targetHints":{"allow":["GET"]}}],"collection":[{"href":"https:\/\/amsit.pro\/index.php\/wp-json\/wp\/v2\/pages"}],"about":[{"href":"https:\/\/amsit.pro\/index.php\/wp-json\/wp\/v2\/types\/page"}],"author":[{"embeddable":true,"href":"https:\/\/amsit.pro\/index.php\/wp-json\/wp\/v2\/users\/1"}],"replies":[{"embeddable":true,"href":"https:\/\/amsit.pro\/index.php\/wp-json\/wp\/v2\/comments?post=5749"}],"version-history":[{"count":14,"href":"https:\/\/amsit.pro\/index.php\/wp-json\/wp\/v2\/pages\/5749\/revisions"}],"predecessor-version":[{"id":6440,"href":"https:\/\/amsit.pro\/index.php\/wp-json\/wp\/v2\/pages\/5749\/revisions\/6440"}],"wp:attachment":[{"href":"https:\/\/amsit.pro\/index.php\/wp-json\/wp\/v2\/media?parent=5749"}],"curies":[{"name":"wp","href":"https:\/\/api.w.org\/{rel}","templated":true}]}}